lculate the greatest common factor of 115 and 3703.
23
What is the highest common factor of 14 and 16394?
14
Calculate the greatest common divisor of 803 and 11.
11
Calculate the highest common divisor of 2680 and 80.
40
Calculate the greatest common factor of 162 and 8343.
81
What is the highest common factor of 26 and 1352?
26
Calculate the greatest common factor of 405 and 75.
15
What is the highest common divisor of 1970 and 20?
10
Calculate the highest common divisor of 272 and 17.
17
What is the greatest common divisor of 4167 and 9?
9
What is the highest common factor of 124 and 961?
31
Calculate the greatest common divisor of 584 and 64.
8
What is the highest common factor of 13 and 403?
13
Calculate the greatest common divisor of 197 and 90029.
197
Calculate the greatest common divisor of 7 and 11347.
7
What is the highest common factor of 558 and 465?
93
What is the highest common factor of 3577 and 365?
73
Calculate the highest common factor of 442 and 34.
34
Calculate the highest common divisor of 1792 and 364.
28
Calculate the highest common divisor of 57 and 3705.
57
What is the highest common divisor of 95035 and 415?
415
Calculate the highest common factor of 30984 and 24.
24
Calculate the greatest common factor of 10 and 15790.
10
What is the greatest common divisor of 725 and 25?
25
What is the highest common factor of 54 and 606?
6
Calculate the greatest common factor of 104 and 13.
13
Calculate the highest common divisor of 351 and 26.
13
Calculate the highest common divisor of 56 and 84.
28
Calculate the greatest common divisor of 8 and 472.
8
Calculate the greatest common divisor of 9 and 243.
9
Calculate the highest common factor of 136 and 111928.
136
Calculate the highest common divisor of 1425 and 5415.
285
What is the highest common divisor of 1334 and 506?
46
What is the highest common factor of 814 and 33?
11
What is the highest common factor of 1972 and 204?
68
What is the highest common factor of 60 and 564?
12
What is the greatest common factor of 5888 and 46?
46
What is the highest common factor of 172 and 473?
43
What is the highest common divisor of 42 and 2478?
42
What is the highest common divisor of 20 and 3520?
20
Calculate the highest common factor of 136 and 289.
17
Calculate the greatest common divisor of 1062 and 72.
18
Calculate the highest common divisor of 16 and 432.
16
Calculate the greatest common factor of 2604 and 124.
124
Calculate the greatest common factor of 18231 and 177.
177
What is the greatest common divisor of 21 and 189?
21
Calculate the highest common factor of 35 and 112.
7
What is the highest common factor of 221 and 119?
17
What is the highest common factor of 392 and 49?
49
Calculate the greatest common divisor of 23319 and 27.
9
Calculate the highest common factor of 616 and 385.
77
What is the greatest common factor of 729 and 171?
9
What is the highest common divisor of 24 and 3384?
24
What is the greatest common divisor of 13 and 247?
13
What is the greatest common divisor of 207 and 92?
23
What is the highest common factor of 180 and 198?
18
Calculate the greatest common factor of 75400 and 260.
260
Calculate the greatest common factor of 176 and 24.
8
Calculate the greatest common divisor of 90 and 4170.
30
What is the greatest common divisor of 63 and 1197?
63
Calculate the highest common factor of 72 and 7164.
36
What is the highest common divisor of 552 and 299?
23
Calculate the highest common divisor of 87 and 29.
29
What is the highest common divisor of 6302 and 411?
137
Calculate the highest common factor of 39 and 1.
1
What is the greatest common divisor of 5832 and 264?
24
What is the greatest common divisor of 28 and 266?
14
Calculate the greatest common divisor of 567 and 42.
21
Calculate the highest common factor of 18 and 12.
6
What is the greatest common factor of 7520 and 30?
10
Calculate the highest common factor of 78 and 4459.
13
What is the greatest common factor of 7308 and 203?
203
What is the greatest common divisor of 32 and 1792?
32
What is the greatest common factor of 22 and 7909?
11
Calculate the highest common factor of 1469 and 143.
13
Calculate the greatest common factor of 3 and 13791.
3
Calculate the greatest common divisor of 138 and 368.
46
What is the greatest common factor of 243 and 2997?
81
What is the greatest common factor of 11 and 5412?
11
What is the highest common divisor of 335 and 20?
5
Calculate the greatest common factor of 21 and 357.
21
What is the highest common factor of 949 and 219?
73
What is the greatest common factor of 80 and 50?
10
What is the highest common divisor of 9 and 873?
9
Calculate the greatest common factor of 640 and 4224.
128
What is the greatest common divisor of 56 and 16?
8
Calculate the highest common factor of 20 and 820.
20
Calculate the greatest common factor of 1029 and 3.
3
What is the highest common divisor of 925 and 37?
37
Calculate the highest common divisor of 22 and 594.
22
Calculate the highest common divisor of 24 and 324.
12
What is the highest common divisor of 21 and 21?
21
What is the greatest common divisor of 114 and 6?
6
Calculate the greatest common divisor of 4070 and 990.
110
What is the greatest common divisor of 756 and 84?
84
Calculate the greatest common divisor of 943 and 82.
41
Calculate the greatest common divisor of 108 and 54.
54
Calculate the highest common factor of 33 and 165.
33
Calculate the highest common factor of 95067 and 54.
27
What is the highest common factor of 15416 and 752?
376
What is the highest common divisor of 335 and 40?
5
What is the greatest common divisor of 80 and 410?
10
Calculate the greatest common factor of 24 and 200.
8
What is the highest common divisor of 6 and 1188?
6
Calculate the greatest common divisor of 759 and 2001.
69
Calculate the highest common factor of 880 and 55.
55
What is the greatest common factor of 2340 and 78?
78
What is the highest common divisor of 3942 and 12?
6
Calculate the greatest common divisor of 18 and 21.
3
Calculate the highest common divisor of 4849 and 65.
13
Calculate the highest common divisor of 102 and 11577.
51
What is the greatest common factor of 1056 and 384?
96
Calculate the greatest common factor of 102 and 1479.
51
What is the highest common divisor of 30 and 1230?
30
Calculate the highest common divisor of 640 and 16.
16
What is the greatest common divisor of 232 and 754?
58
Calculate the highest common factor of 1161 and 9804.
129
What is the highest common factor of 30 and 1410?
30
What is the highest common factor of 3807 and 243?
81
What is the highest common divisor of 1788 and 24?
12
What is the highest common divisor of 224 and 128?
32
Calculate the greatest common divisor of 848 and 56.
8
What is the greatest common factor of 25 and 675?
25
What is the highest common factor of 25 and 40?
5
What is the greatest common factor of 75 and 25?
25
Calculate the greatest common factor of 10089 and 171.
171
What is the greatest common factor of 192 and 1968?
48
What is the highest common factor of 582 and 6?
6
Calculate the highest common divisor of 448 and 384.
64
Calculate the highest common factor of 448 and 1624.
56
Calculate the highest common factor of 119 and 17.
17
What is the highest common factor of 72 and 576?
72
What is the greatest common factor of 1057 and 14?
7
What is the greatest common factor of 24360 and 240?
120
Calculate the highest common factor of 4200 and 100.
100
Calculate the greatest common divisor of 6 and 1854.
6
Calculate the highest common divisor of 22664 and 8.
8
What is the highest common factor of 42 and 406?
14
Calculate the greatest common factor of 5 and 53.
1
Calculate the highest common divisor of 140 and 320.
20
Calculate the highest common factor of 459 and 129.
3
What is the greatest common divisor of 374 and 583?
11
Calculate the greatest common divisor of 8 and 8.
8
Calculate the greatest common factor of 3 and 4272.
3
Calculate the greatest common divisor of 50 and 260.
10
Calculate the greatest common divisor of 235 and 141.
47
Calculate the greatest common divisor of 31 and 403.
31
Calculate the greatest common divisor of 425 and 255.
85
Calculate the greatest common factor of 108 and 4.
4
What is the highest common factor of 22 and 44?
22
Ca